{"id":39,"date":"2021-04-13T21:57:37","date_gmt":"2021-04-13T19:57:37","guid":{"rendered":"http:\/\/haimb.de\/berghaus2\/?page_id=39"},"modified":"2021-04-13T21:57:51","modified_gmt":"2021-04-13T19:57:51","slug":"nuetzliches-in-altglashuetten","status":"publish","type":"page","link":"https:\/\/haimb.de\/berghaus\/nuetzliches-in-altglashuetten\/","title":{"rendered":"N\u00fctzliches in Altglash\u00fctten"},"content":{"rendered":"\n<h2 class=\"wp-block-heading\">Verpflegung vor Ort:<\/h2>\n\n\n\n<p><strong>Getr\u00e4nkehandlung Dreher<\/strong><br>B\u00e4rentalstra\u00dfe 6\u00a0\u00a0\u00a0\u00a0\u00a0\u00a0\u00a0\u00a0\u00a0\u00a0<br>79868 Feldberg- Altglash\u00fctten<br>Tel: 07655\/593<br><br>Bei der Fa. Dreher k\u00f6nnen Getr\u00e4nke auch auf Kommission gekauft werden.<\/p>\n\n\n\n<p><strong>Lidl B\u00e4rental<br><\/strong>Ignaz-Gfell-Platz 3<br>79868 B\u00e4rental<\/p>\n\n\n\n<p><strong>EDEKA in Schluchsee und Titisee<\/strong><br>Schmidt&#8217;s M\u00e4rkte GmbH<br>Rappennest 2<br>79859 Schluchsee<br>Telefon 07656 \/ 97 912 &#8211; 0<br>Telefax 07656 \/ 97 912 &#8211; 18<br>E-Mail:\u00a0\u00a0<a href=\"mailto:schluchsee@schmidts-maerkte.de\">schluchsee@schmidts-maerkte.de<\/a><\/p>\n\n\n\n<p>Schmidt&#8217;s M\u00e4rkte GmbH<br>Freiburgerstra\u00dfe<br>Telefon 07651 \/ 93 559 &#8211; 0<br>Telefax 07651 \/ 93 559 &#8211; 33<br>E-Mail:\u00a0\u00a0<a href=\"mailto:titisee-neustadt@schmidts-maerkte.de\">titisee-neustadt@schmidts-maerkte.de<\/a><\/p>\n\n\n\n<p>Umfangreiche Informationen inkl. Anfahrtsskizzen unter&nbsp;<a href=\"http:\/\/www.schmidts-maerkte.de\/\" target=\"_blank\" rel=\"noreferrer noopener\">http:\/\/www.schmidts-maerkte.de\/<\/a><\/p>\n","protected":false},"excerpt":{"rendered":"<p>Verpflegung vor Ort: Getr\u00e4nkehandlung DreherB\u00e4rentalstra\u00dfe 6\u00a0\u00a0\u00a0\u00a0\u00a0\u00a0\u00a0\u00a0\u00a0\u00a079868 Feldberg- Altglash\u00fcttenTel: 07655\/593 Bei der Fa. Dreher k\u00f6nnen Getr\u00e4nke auch auf Kommission gekauft werden. Lidl B\u00e4rentalIgnaz-Gfell-Platz 379868 B\u00e4rental EDEKA in Schluchsee und TitiseeSchmidt&#8217;s M\u00e4rkte GmbHRappennest 279859 SchluchseeTelefon 07656 \/ 97 912 &#8211; 0Telefax 07656 \/ 97 912 &#8211; 18E-Mail:\u00a0\u00a0schluchsee@schmidts-maerkte.de Schmidt&#8217;s M\u00e4rkte GmbHFreiburgerstra\u00dfeTelefon 07651 \/&#8230;<\/p>\n","protected":false},"author":1,"featured_media":0,"parent":0,"menu_order":0,"comment_status":"closed","ping_status":"closed","template":"","meta":{"footnotes":""},"class_list":["post-39","page","type-page","status-publish","hentry"],"_links":{"self":[{"href":"https:\/\/haimb.de\/berghaus\/wp-json\/wp\/v2\/pages\/39","targetHints":{"allow":["GET"]}}],"collection":[{"href":"https:\/\/haimb.de\/berghaus\/wp-json\/wp\/v2\/pages"}],"about":[{"href":"https:\/\/haimb.de\/berghaus\/wp-json\/wp\/v2\/types\/page"}],"author":[{"embeddable":true,"href":"https:\/\/haimb.de\/berghaus\/wp-json\/wp\/v2\/users\/1"}],"replies":[{"embeddable":true,"href":"https:\/\/haimb.de\/berghaus\/wp-json\/wp\/v2\/comments?post=39"}],"version-history":[{"count":2,"href":"https:\/\/haimb.de\/berghaus\/wp-json\/wp\/v2\/pages\/39\/revisions"}],"predecessor-version":[{"id":42,"href":"https:\/\/haimb.de\/berghaus\/wp-json\/wp\/v2\/pages\/39\/revisions\/42"}],"wp:attachment":[{"href":"https:\/\/haimb.de\/berghaus\/wp-json\/wp\/v2\/media?parent=39"}],"curies":[{"name":"wp","href":"https:\/\/api.w.org\/{rel}","templated":true}]}}